t is 1c8a84 (base 13) in base 12?
2b4507
1300320242 (base 5) to base 3
12220022100221
What is -1b0aa65 (base 12) in base 8?
-25716555
Convert -2c01a (base 13) to base 12.
-403b1
Convert -6b5973 (base 12) to base 2.
-110100110101000100111
Convert 204434023 (base 5) to base 4.
3101220032
What is -140213341 (base 5) in base 15?
-e079b
-246146 (base 15) to base 8
-6511737
-244104421 (base 5) to base 7
-12600612
What is -210023105 (base 6) in base 2?
-1101111001010001010001
147a95 (base 14) to base 9
1305675
Convert 34011340 (base 5) to base 3.
120010101200
-252310 (base 8) to base 2
-10101010011001000
60122 (base 10) to base 9
101422
What is -139b500 (base 12) in base 13?
-a7ba91
Convert -1654230 (base 9) to base 12.
-385439
Convert -541772 (base 9) to base 6.
-10530402
What is -10100010111011100110 (base 2) in base 13?
-1a49bb
Convert -18bb30 (base 13) to base 8.
-2306266
What is 22b8c8 (base 16) in base 13?
618988
129923 (base 13) to base 12
198322
11244011 (base 5) to base 9
166261
Convert 2367d (base 14) to base 11.
59971
Convert -1010001010011100001010 (base 2) to base 8.
-12123412
Convert -59a15 (base 13) to base 15.
-33a26
Convert -1b9da5 (base 14) to base 13.
-2877ba
What is -b3369 (base 12) in base 6?
-5002213
Convert -16440760 (base 8) to base 15.
-5063b3
Convert 196407 (base 10) to base 12.
957b3
What is 2222120221210 (base 3) in base 8?
6032137
1751675 (base 8) to base 11
320435
-61048a (base 13) to base 14
-42a7c1
What is 43401513 (base 8) in base 16?
8e034b
Convert -2433875 (base 9) to base 4.
-11002223000
Convert -1c4b14 (base 16) to base 4.
-13010230110
Convert 40393 (base 14) to base 3.
21211202211
What is -1453144 (base 7) in base 6?
-4124344
Convert -1320105 (base 10) to base 2.
-101000010010010101001
30403002 (base 5) to base 9
416144
What is -264c6b (base 15) in base 16?
-1c0ed1
13433 (base 8) to base 10
5915
Convert 61ac7 (base 15) to base 4.
1023210322
Convert 1571682 (base 12) to base 5.
2110043421
What is 65902 (base 11) in base 10?
95592
165212422 (base 7) to base 2
101011001110011010010001
What is 110110010110111101110 (base 2) in base 5?
423444410
What is 40309e (base 15) in base 6?
145154022
What is -17a46 (base 14) in base 12?
-2a626
What is -2600111 (base 7) in base 9?
-562152
Convert -720724 (base 11) to base 8.
-4324610
-21212220222112 (base 3) to base 14
-7b149a
Convert 11010100011010011110011 (base 2) to base 3.
111002121211112
Convert -b8859 (base 12) to base 16.
-3b5c5
1100100011000110 (base 2) to base 9
77448
What is -21201110012 (base 3) in base 7?
-1202015
What is -111d436 (base 14) in base 12?
-2887b74
What is -12301302202 (base 4) in base 12?
-7182aa
What is -2173110 (base 8) in base 11?
-371302
What is 286b3 (base 12) in base 7?
323061
-202202101021101 (base 3) to base 9
-22671241
What is -423bb2 (base 13) in base 3?
-2220210102100
What is 32632 (base 14) in base 8?
356144
453324243 (base 6) to base 4
133212231003
-120031232021 (base 4) to base 11
-36460a8
What is 12220330232 (base 4) in base 7?
20536415
Convert -b8ca (base 14) to base 3.
-1121210121
Convert -1110101010110001 (base 2) to base 14.
-17c77
10a709 (base 11) to base 7
1326560
-211001123130 (base 4) to base 9
-20232003
What is 73224546 (base 8) in base 13?
32b262c
What is -101223132332 (base 4) in base 5?
-2141301213
-136a4a (base 11) to base 4
-310103100
-4c2bb3 (base 13) to base 8
-6776477
Convert -42ba31 (base 12) to base 6.
-34354501
Convert 356ab1 (base 12) to base 4.
3102132211
3660031 (base 8) to base 5
224221031
Convert 451060 (base 9) to base 2.
1000001110111011000
What is 1040330040 (base 6) in base 11?
63772a5
Convert -31575 (base 13) to base 7.
-516645
17715 (base 12) to base 9
51388
What is -c960b6 (base 15) in base 7?
-144333642
11143441 (base 5) to base 11
69042
What is 411441112 (base 5) in base 7?
20130623
1101010010111011100 (base 2) to base 7
3463123
What is 120100011000110 (base 3) in base 9?
16304013
-665121 (base 8) to base 5
-24130300
-53313221 (base 6) to base 11
-9798a2
Convert 1102412123 (base 5) to base 6.
123105245
Convert 21300332 (base 5) to base 16.
2c45e
What is f72ad1 (base 16) in base 14?
2219293
Convert 30102100213 (base 4) to base 13.
889b43
What is -1449aa (base 11) in base 15?
-47018
Convert -3180412 (base 11) to base 10.
-5593359
What is 1669a08 (base 15) in base 10?
16283258
ce2d (base 16) to base 12
26665
What is -3666b7 (base 14) in base 3?
-10111120212102
-70522 (base 8) to base 15
-88e0
What is -7691 (base 12) in base 13?
-5c44
221986 (base 10) to base 15
45b91
799210 (base 10) to base 12
32660a
Convert 1101101111010111000111 (base 2) to base 15.
4b2343
Convert -2270100 (base 9) to base 8.
-4534354
What is 554410 (base 8) in base 14?
4c02c
7453a0 (base 13) to base 11
15a12a8
-a79c4 (base 13) to base 7
-2400264
What is 79768a (base 12) in base 3?
10122122020221
-11751017 (base 8) to base 3
-11220120210210
-27730321 (base 8) to base 16
-5fb0d1
-1002210211022121 (base 3) to base 15
-15cdb37
Convert 63761615 (base 8) to base 3.
221122011220012
4114424233 (base 5) to base 4
133320202310
What is 461b3 (base 12) in base 9?
152340
What is 307565 (base 8) in base 13?
37713
Convert 53022 (base 8) to base 3.
1010020002
27032 (base 14) to base 10
96084
-100011212022 (base 3) to base 11
-113836
What is 2123467 (base 11) in base 12?
1303245
What is 10011010111110011011110 (base 2) in base 9?
10500026
Convert -216216054 (base 7) to base 14.
-1a4d02b
What is 56a457 (base 14) in base 3?
12112202210010
Convert 1874b (base 13) to base 8.
134427
What is 3342a (base 11) in base 12?
24040
Convert 12002032 (base 4) to base 14.
9018
Convert 21a02 (base 15) to base 8.
320575
-21532505 (base 6) to base 11
-404320
Convert -3b690 (base 14) to base 12.
-70aba
What is -1011100110001111 (base 2) in base 9?
-72141
What is -3d534a (base 14) in base 15?
-2c046e
Convert 6683773 (base 9) to base 6.
205042320
263251 (base 10) to base 16
40453
What is 1001122111201 (base 3) in base 15?
b2127
Convert -1050640 (base 7) to base 9.
-217257
-532d1 (base 14) to base 15
-3e7c7
What is -45a335 (base 11) in base 4?
-2302133300
What is 10200121010 (base 3) in base 7?
421452
Convert 2895496 (base 10) to base 2.
1011000010111010001000
Convert -816a (base 14) to base 2.
-101011011100010
5310462 (base 7) to base 6
21425003
Convert -19241 (base 16) to base 7.
-606140
-11210222122 (base 3) to base 5
-11013020
Convert -d06111 (base 15) to base 8.
-45571016
1144233211 (base 5) to base 10
2727306
What is -225205 (base 7) in base 4?
-21310222
What is -b3c36 (base 14) in base 16?
-69c38
Convert 1230422 (base 8) to base 10.
340242
What is -10291978 (base 10) in base 16?
-9d0b0a
What is 215307 (base 13) in base 10?
782646
What is 5629 (base 16) in base 4?
11120221
What is -3aa508 (base 15) in base 5?
-1210204013
What is 22110000200 (base 3) in base 7?
1261431
Convert 11203122310 (base 4) to base 6.
51111444
Convert 3922c (base 14) to base 5.
13443001
What is -58582a (base 13) in base 3?
-10221112222202
Convert -10100011010100110 (base 2) to base 16.
-146a6
What is -96871 (base 10) in base 8?
-275147
-1152500 (base 7) to base 11
-a0813
11000110101010101 (base 2) to base 14
290d7
What is 602967 (base 11) in base 14?
1b3790
3b0283 (base 13) to base 11
896282
What is 113254 (base 8) in base 2?
1001011010101100
What is -10200212110 (base 3) in base 10?
-72804
What is -302223133231 (base 4) in base 5?
-11400112412
28065 (base 10) to base 9
42443
809379 (base 13) to base 12
10028b0
785680 (base 11) to base 14
248374
60341 (base 14) to base 16
386e5
What is 110001100000011100 (base 2) in base 3?
101022011101
Convert 69100 (base 14) to base 10.
255388
Convert 20240143 (base 6) to base 15.
b70b6
-54875 (base 13) to base 11
-a4a89
What is -16644562 (base 7) in base 3?
-10002101202221
What is 22666036 (base 7) in base 12?
8052b1
What is 100110010100001101001 (base 2) in base 4?
10302201221
What is 1033221 (base 7) in base 11?
86730
41747607 (base 8) to base 3
121202012011200
What is 2122401 (base 5) in base 15?
a9d6
What is -a2935 (base 13) in base 11?
-18a073
30112224 (base 5) to base 10
238439
What is -210233330 (base 4) in base 7?
-1164563
-4554304 (base 7) to base 3
-1001212100221
483c2 (base 13) to base 14
363d3
Convert -120110220 (base 4) to base 5.
-11141444
Wh